{"id":171,"date":"2021-11-04T12:32:08","date_gmt":"2021-11-04T10:32:08","guid":{"rendered":"https:\/\/www.sinikkaustinovjones.fi\/?page_id=171"},"modified":"2025-10-10T09:40:19","modified_gmt":"2025-10-10T06:40:19","slug":"cv","status":"publish","type":"page","link":"https:\/\/www.sinikkaustinovjones.fi\/?page_id=171","title":{"rendered":"CV"},"content":{"rendered":"\n<p><strong>SINIKKA&nbsp;&nbsp; USTINOV\u2013JONES <\/strong>&nbsp;                                                       Kaurakatu 10, 04410 J\u00e4rvenp\u00e4\u00e4&nbsp;                                                               +358(0)40 514 0908,&nbsp;&nbsp; <strong>&nbsp;<\/strong>sinikkasart()gmail.com&nbsp;&nbsp; &nbsp; <strong>&nbsp;&nbsp;&nbsp;&nbsp;&nbsp;&nbsp;&nbsp;&nbsp;&nbsp;&nbsp;&nbsp;&nbsp;&nbsp;&nbsp;<\/strong><\/p>\n\n\n\n<p><blockquote class=\"wp-embedded-content\" data-secret=\"rP9Fys7L8a\"><a href=\"https:\/\/kuvataiteilijamatrikkeli.fi\/taiteilija\/ustinov-jones-sinikka\">Ustinov-Jones, Sinikka<\/a><\/blockquote><iframe loading=\"lazy\" class=\"wp-embedded-content\" sandbox=\"allow-scripts\" security=\"restricted\" style=\"position: absolute; visibility: hidden;\" title=\"&#8221;Ustinov-Jones, Sinikka&#8221; &#8212; Artist Register \u2013 Artists\u2019 Association of Finland\" src=\"https:\/\/kuvataiteilijamatrikkeli.fi\/taiteilija\/ustinov-jones-sinikka\/embed#?secret=PyARl5kLqo#?secret=rP9Fys7L8a\" data-secret=\"rP9Fys7L8a\" width=\"600\" height=\"338\" frameborder=\"0\" marginwidth=\"0\" marginheight=\"0\" scrolling=\"no\"><\/iframe> <\/p>\n\n\n\n<p><strong>TAIDEOPINNOT<\/strong><\/p>\n\n\n\n<p style=\"line-height:1.3\">2004 &#8211; 2006 Tampereen ammattikorkeakoulu: Taide ja viestint\u00e4, Kuvataiteen t\u00e4ydennyskoulutus 265op,  p\u00e4\u00e4tt\u00f6ty\u00f6: yhteis\u00f6taide, kuvataiteilija AMK <\/p>\n\n\n\n<p style=\"line-height:1.3\">1998 &#8211; 2002 Pekka Halosen Akatemia, Tuusula: Kuvataiteen media-alan ammatti- ja erikoisammattitutkinnot<\/p>\n\n\n\n<p style=\"line-height:1.3\">1977 &#8211; 1978 Hastings College of Arts and Technology, England: Fashion and Textile Design, Diploma of S.I.A.D.  (Society of International Artists and Designers) <\/p>\n\n\n\n<p><strong>J\u00c4SENYYDET JA LUOTTAMUSTEHT\u00c4V\u00c4T<\/strong><\/p>\n\n\n\n<p style=\"line-height:1.5\">2006&#8212; Muu ry (Suomen Taiteilijaseura ) <br>2019 Kuvaston j\u00e4sen <br>2002 &#8211; J\u00e4rvenp\u00e4\u00e4n Taideseura ry, 2006-16 hallituksessa, 2012 -16 puheenjohtaja, 2020- hallituksessa ja tapahtumavastaava, 2022 ja 2025- keramiikkavastaava <br>2016 -20 Art Point ry, puheenjohtaja 2016-19, rahastonhoitaja 2019-20. <br>2002-09 Uudenmaan Kuvataidej\u00e4rjest\u00f6t ry, 2002 -09 hallituksen j\u00e4sen, 2003- 08 rahastonhoitaja, -07 varapuheenjohtaja <br>2003 Pekka Halosen akatemian ja Keravan Taidemuseon yhteisty\u00f6ryhm\u00e4n n\u00e4yttelysihteeri <br>2001-21 M\u00e4nts\u00e4l\u00e4n Taideyhdistys ry, 2002-09 hallituksen j\u00e4sen<\/p>\n\n\n\n<p><strong>TULEVAT N\u00c4YTTELYT<\/strong><\/p>\n\n\n\n<p>2026 Kouvola, Kuusankoskitalon galleria, Tuusula, Gustavelund (ryhm\u00e4n.)<br><br><strong>VALIKOIDUT YKSITYISN\u00c4YTTELYT<\/strong><\/p>\n\n\n\n<p>2026 J\u00e4rvenp\u00e4\u00e4n Taidetalon galleriat, <em>&#8221;Muistoja myllyst\u00e4&#8221;<\/em><br>2024 J\u00e4rvenp\u00e4\u00e4, Taidelainaamo Taikka <em>&#8221;Mythago Wood&#8221;<\/em> Ian Jones&#8217;in kanssa<br>2023 J\u00e4rvenp\u00e4\u00e4, Taidelainaamo Taikka Oy, tussipiirustuksia <em>&#8221;El\u00e4m\u00e4\u00e4 puissa&#8221;<\/em><br>2021 J\u00e4rvenp\u00e4\u00e4n Taidetalon Studio, installaatiot \u201d<em>Veden v\u00e4rit\u201d<\/em> <br>2019 x2 J\u00e4rvenp\u00e4\u00e4n Taidetalo <strong>&amp;<\/strong> Taidelainaamo Taikka Oy <br>2015 Tuusula, Gustavelund <br>2014 J\u00e4rvenp\u00e4\u00e4, Taidelainaamo Taikka <br>2013 Helsinki, Vuotalon galleria, Outi Turtiaisen kanssa, eri tilat <br>2012 J\u00e4rvenp\u00e4\u00e4, Taidetalo, Outi Turtiaisen kanssa, eri tilat <br>2011 Tuusula, Kunnantalon galleria <br>2011 J\u00e4rvenp\u00e4\u00e4-talo, Galleria J\u00e4rn\u00e4tti <br>2008 J\u00e4rvenp\u00e4\u00e4, Taidetalo <br>2004 Helsinki, Galleria Nunes<\/p>\n\n\n\n<p><strong>VALIKOIDUT JURYTETYT YHTEISN\u00c4YTTELYT<\/strong><\/p>\n\n\n\n<p>2021 Vantaa, Gjutars, Vaihton\u00e4yttely Vantaan Taiteilijaseuran kanssa <br>2018 J\u00e4rvenp\u00e4\u00e4n Taidemuseo, <em>J\u00e4rvenp\u00e4\u00e4n Taideseuran 60-vuotis juhlan\u00e4yttely<\/em> <br>2017 J\u00e4rvenp\u00e4\u00e4, Vanhankyl\u00e4nniemi &#8211; <em>\u00c4\u00e4rell\u00e4<\/em>, ymp\u00e4rist\u00f6taiteen n\u00e4yttely <br>2014 Unkari, V\u00e1c &#8211; Yst\u00e4vyyskaupungin n\u00e4yttely <br>2013 Riihim\u00e4ki, Galleria T\u00e4rin\u00e4 \u2013 <em>Muistikuvia <\/em>(SkjL:n j\u00e4rjest\u00e4m\u00e4 n\u00e4yttely) <br>2011 Helsinki, Kaapelitehdas, <em>Art Fair Suomi-11<\/em> <br>2009 Helsinki, Kaapelitehdas \u2013 <em>Art Fair Suomi-09<\/em> <br>2007 Kokkola, SKjL:n 69. vuosin\u00e4yttely &#8211; <em>Minimi<\/em>  <br>2007 Helsinki, MUU galleria <em>&#8211; Art Fair Suomi 07<\/em> <br>2007 Keravan Taidemuseo &#8211; <em>Kuumaa taidetta!<\/em> <br>2004 Rovaniemen Taidemuseo, SKjL:n 66. vuosin\u00e4yttely  <br>2004 Porvoo, Uudenmaan kuvataidej\u00e4rjest\u00f6t ry:n &#8211; <em>Uudet maan kuvat, 20 vuotis juhlan\u00e4yttely<\/em>  <br>2002 Porvoo, Taidetehdas <em>&#8211; Rajaton<\/em><\/p>\n\n\n\n<p><strong>VALIKOIDUT YHTEIS- JA RYHM\u00c4N\u00c4YTTELYT<\/strong><\/p>\n\n\n\n<p>2024 Kirkkonummi, Porkkalasali, ryhm\u00e4 3\/5, <em>Val\u00f6\u00f6rit ja v\u00e4rien varjot<\/em><br>2024 Lohja, Tytyri El\u00e4myskaivos, ryhm\u00e4 3\/5, <em>&#8221;Hohtaa, kiilt\u00e4\u00e4, kimmelt\u00e4\u00e4&#8221;<\/em><br>2024 J\u00e4rvenp\u00e4\u00e4n, Taidetalon galleria, ryhm\u00e4 3\/5, <em>&#8221;Taikay\u00f6&#8221;<\/em><br>2024 Hyvink\u00e4\u00e4, Promenadigalleria, ryhm\u00e4 3\/5, <em>&#8221;Alkuvoimia&#8221;<\/em><br>2023 Raision kaupungintalon galleria, ryhm\u00e4 3\/5, <em>&#8221;Alkuvoimia&#8221;<\/em><br>2023 Loviisa, Galleria Theodor, ryhm\u00e4 3\/5, <em>&#8221;Toinen maailma&#8221;<\/em><br>2023 Iitti, Iitin kyl\u00e4talo, ryhm\u00e4n\u00e4yttely ryhm\u00e4 3\/5, <em>&#8221;Unilaulujen j\u00e4lkeen&#8221;<\/em><br>2023 Riihim\u00e4ki, Sauli Parosen galleria, ryhm\u00e4 3\/5, <em>&#8221;Tihentymi\u00e4&#8221;<\/em><br>2022 Ruotsinpyht\u00e4\u00e4, Str\u00f6mforsin ruukki, Vinttigalleria, 3\/5, <em>&#8221;Veden muotoja&#8221;<\/em><br>2022 Iitti, Iitin kyl\u00e4talo, ryhm\u00e4n\u00e4yttely 3\/5,<em>\u201dEnteit\u00e4 ja aavistuksia\u201d<\/em><br>2021 Loviisa, Almin talo, ryhm\u00e4n\u00e4yttely 3\/5, <em>\u201dEnteit\u00e4 ja aavistuksia\u201d<\/em><br>2021 Iitti, Iitin kyl\u00e4talo, ryhm\u00e4n\u00e4yttely 3\/5, \u201d<em>Matkalla\u201d<\/em> <br>2020&#215;2 J\u00e4rvenp\u00e4\u00e4n Taidetalo,<em> <\/em>Feeniks <strong>&amp;<\/strong> Hangon kaupungintalon galleria, <em>Spektri <\/em><br>2019&#215;2 Uusikaupunki, Kulttuurikeskus Gruselli <strong>&amp;<\/strong> Helsinki, Kanneltalo <br>2018&#215;2 Pirkkala, Galleria 2 <strong>&amp;<\/strong><em> <\/em>Sein\u00e4joki, Varikkogalleria, Ryhm\u00e4 3\/5  <br>2017&#215;2 Hyink\u00e4\u00e4, Promenadigalleria <strong>&amp;<\/strong> J\u00e4rvenp\u00e4\u00e4, J\u00e4rvenp\u00e4\u00e4-talon galleria, 3\/5<br>2017 Helsinki, Galleria Fogga,<em> &#8221;Heilahda korkealle keinu&#8221;<\/em><br>2016 Hanko, Kaupungintalon galleria, Ryhm\u00e4 3\/5, <br>2015 Taiwan, Taipei International Photograph &amp; Media Equipment exhibition, Group Finn<em> <\/em>Six Pack <br>2014 Tampere, Galleria Kapriisi,<em>  <\/em>Group Finn<em> <\/em>Six Pack, <em>&#8221;Hush&#8221; <\/em> <br>2014 Ranska, Grenoble \u2013 ATIP Concerence,<em> <\/em>Group Finn<em> <\/em>Six Pack <br>2013 Unkari, V\u00e1c, K16 Gallery, Twin Town Artists<br>2012 Taiwan, Taipei 2012 International Art Exhibition, Group Finn<em> <\/em>Six Pack <br>2011 Taiwan, Taipei 2011 International Art Exhibition, Group Finn<em> <\/em>Six Pack <br>2011&#215;2 Kotka, Galleria Uusikuva <strong>&amp;<\/strong> Pieks\u00e4m\u00e4ki, Kulttuurikeskus Poleeni 3\/5<br>2010 Porvoo, Taidehalli, Ryhm\u00e4 3\/5  <br>2009 J\u00e4rvenp\u00e4\u00e4-talon galleria \u2013 Uudenmaan Kuvataidej\u00e4rjest\u00f6t ry:n kutsun\u00e4yttely <em>SankARiT <\/em><br>2009 Helsinki, MUU galleria, <em>Suvisalonki<\/em><br>2007 Seychelles, J\u00e4rvenp\u00e4\u00e4n Taideseura ry:n <em>Lumi<\/em> -n\u00e4yttely<br>2004 Raisio, Museo- ja kulttuurikeskus, <em>&#8221;Mittumaari&#8221;<\/em> Naistaiteilijaryhm\u00e4 Viides <br>2003&#215;2 Hyvink\u00e4\u00e4, Lasten ja nuorten taidekeskus <strong>&amp;<\/strong> Helsinki, Galleria Toukokuu, Naistaiteilijaryhm\u00e4 Viides <br>2002&#215;4 Heinola, Galleria Piazza <strong>&amp;<\/strong> Porvoo,Taidetehdas <strong>&amp;<\/strong><em> <\/em>Lohja, K\u00e4ss\u00e4n talo, Naistaiteilijaryhm\u00e4 Viides<br>1995-97 England, Sussex, Hastings &amp; Rye Harbour<\/p>\n\n\n\n<p><strong>JULKISET TEOKSET TAI TEOKSIA KOKOELMISSA<\/strong><\/p>\n\n\n\n<p style=\"line-height:1.3\">Hotelli Gustavelund 2015, Tuusula; V\u00e1cin kaupunki Unkarissa, J\u00e4rvenp\u00e4\u00e4n kaupungilta 2014; Taipei 2011; Seychelles valtion kokoelmat 2007; Kuurojen Palvelus\u00e4\u00e4ti\u00f6, H\u00e4meenlinna, tilaaja johtaja Pirjo Nurminen 2002; Lifeboat Centre of Hastings 1998; Hummels of Bermuda; Volhovan kaupunki 1972.<\/p>\n\n\n\n<p><strong>APURAHAT JA STIPENDIT<\/strong><\/p>\n\n\n\n<p style=\"line-height:1.3\">2008 &amp; 2010 J\u00e4rvenp\u00e4\u00e4n kulttuuritoimi, kohdeapuraha; 2004 Raision kaupunki, kohdeapuraha pienryhm\u00e4lle; 2002 Kalevala Korun kulttuuris\u00e4\u00e4ti\u00f6, kohdeapuraha pienryhm\u00e4lle; 2000 Ymp\u00e4rist\u00f6taiteen s\u00e4\u00e4ti\u00f6, pienryhm\u00e4lle; 1978 Vuoden taideopiskelija, Hastings College of Arts and Technology, Englanti<\/p>\n\n\n\n<p><strong>JULKAISUT JA KUVITUKSET<\/strong><\/p>\n\n\n\n<p style=\"line-height:1.3\">2002 -06 Kirjankuvitusta, WSOY, Tilkkujen lumo, K\u00e4den taidot I-VI, Tekniset k\u00e4den taidot I-II, Kehystys osio ja M\u00f6kill\u00e4-kirja<br>2005 Keski-Uudenmaan Teatterin n\u00e4ytelmien kutsu- ja julistekuvitukset<\/p>\n\n\n\n<p><strong>OPETUSTEHT\u00c4V\u00c4T JA TUTOROINNIT<\/strong><\/p>\n\n\n\n<p style=\"line-height:1.3\">2004&#8211;24 M\u00e4nts\u00e4l\u00e4n kansalaisopiston eri taideaineiden tuntiopettaja <br>2005&#8211;24 Kursseja sek\u00e4 ty\u00f6pajoja pienryhmille, yksityisopetusta<br>1986 -90 Taidon ja tuotannon johtaja ja maalauksen ohjaaja, Sentry Box, Uckfield, Englanti<\/p>\n\n\n\n<p><strong>KURSSIT JA MUUT OPINNOT<\/strong><\/p>\n\n\n\n<p>2006&#8211;18 M\u00e4nts\u00e4l\u00e4, erin\u00e4isi\u00e4 kursseja keramiikasta<br>2009 MUU ry:n Web- ja Portfoliokurssi<br>2008&#8211;10 Kauppakamari-instituutin Yritt\u00e4j\u00e4n ammattitutkinto HBC:ssa (T:mi)<br>1998-2002 Pekka Halosen Akatemia, Tuusula: Avoimen yliopiston estetiikka 15ov Plastinen anatomia ja muotokuvamaalaus 10 ov <br>1998 -1994 Hastings College of Arts and Technology, England: Art and Design Specialist Skills Programme, Life Drawing, Portrait and Chinese Painting <br>1975 &#8211; 1977 Taideteollinen korkeakoulu, Helsinki: Taiteen perusopinnot sek\u00e4 vaatetus \/ tekstiilisuunnittelun, ja ymp\u00e4rist\u00f6suunnittelun laitos <br>1977- muutto Englantiin jatko-opiskeluun&#8230;<\/p>\n\n\n\n<p><strong>MUUTA TOIMINTAA<\/strong><\/p>\n\n\n\n<p>2019 Keski- ja L\u00e4nsi-Uudenmaan OP-pankkien taideteoskartoitus ja arviointi<br>2016 M\u00e4nts\u00e4l\u00e4n Taideyhdistys ry:n nuorten n\u00e4yttelyn kuratointi<br>2013 Unkari, V\u00e1c, J\u00e4rvenp\u00e4\u00e4n Taideseura ry:n edustaja V\u00e1c:n yst\u00e4vyyskaupunkien seminaarissa ja n\u00e4yttelyss\u00e4<br>2004\u201323 Kuvataidep\u00e4iv\u00e4ivien ja maalaustapahtumien j\u00e4rjest\u00e4mist\u00e4 eri paikoissa<br>2008+-19 Tuusulan taiteiden y\u00f6, croquis-piirustusta ja action painting<br>2005\u201306 M\u00e4nts\u00e4l\u00e4, <em>Alaston totuus<\/em>&#8211; performanssija kulkue + J\u00e4rvenp\u00e4\u00e4, yhteis\u00f6taidetapahtuma <em>MoBiili ja Croquis<\/em><br>2005 &#8212; Taiteilijatoimintaa toiminimell\u00e4, kursseja, n\u00e4yttelyiden j\u00e4rjest\u00e4mist\u00e4, taidekuljetuksia ja kuvituksia<br>2004 Raisio, Museo- ja kulttuurikeskus Harkko, <em>Mittumaari-<\/em>n\u00e4yttelyn yhteis\u00f6taideteos-tanssin tuotanto ja suunnittelu<br>2003 M\u00e4nts\u00e4l\u00e4, Apposen kiinteist\u00f6n valtaus M\u00e4nts\u00e4l\u00e4n Taideyhdistyksen k\u00e4ytt\u00f6\u00f6n<br>1978-98 Kuva-, vaatetus- ja tekstiilitaiteilija sek\u00e4 ty\u00f6n\u00e4yte-esittelij\u00e4 Englannissa<\/p>\n","protected":false},"excerpt":{"rendered":"<p>SINIKKA&nbsp;&nbsp; USTINOV\u2013JONES &nbsp; Kaurakatu 10, 04410 J\u00e4rvenp\u00e4\u00e4&nbsp; +358(0)40 514 0908,&nbsp;&nbsp; &nbsp;sinikkasart()gmail.com&nbsp;&nbsp; &nbsp; &nbsp;&nbsp;&nbsp;&nbsp;&nbsp;&nbsp;&nbsp;&nbsp;&nbsp;&nbsp;&nbsp;&nbsp;&nbsp;&nbsp; Ustinov-Jones, Sinikka TAIDEOPINNOT 2004 &#8211; 2006 Tampereen ammattikorkeakoulu: Taide ja viestint\u00e4, Kuvataiteen t\u00e4ydennyskoulutus 265op, p\u00e4\u00e4tt\u00f6ty\u00f6: yhteis\u00f6taide, kuvataiteilija AMK 1998 &#8211; 2002 Pekka Halosen Akatemia, Tuusula: Kuvataiteen media-alan ammatti- ja erikoisammattitutkinnot 1977 &#8211; 1978 Hastings College of Arts and Technology, England: Fashion and &hellip; <\/p>\n<p class=\"link-more\"><a href=\"https:\/\/www.sinikkaustinovjones.fi\/?page_id=171\" class=\"more-link\">Jatka lukemista<span class=\"screen-reader-text\"> &#8221;CV&#8221;<\/span><\/a><\/p>\n","protected":false},"author":1,"featured_media":0,"parent":0,"menu_order":20,"comment_status":"closed","ping_status":"closed","template":"","meta":{"footnotes":""},"class_list":["post-171","page","type-page","status-publish","hentry","entry"],"_links":{"self":[{"href":"https:\/\/www.sinikkaustinovjones.fi\/index.php?rest_route=\/wp\/v2\/pages\/171","targetHints":{"allow":["GET"]}}],"collection":[{"href":"https:\/\/www.sinikkaustinovjones.fi\/index.php?rest_route=\/wp\/v2\/pages"}],"about":[{"href":"https:\/\/www.sinikkaustinovjones.fi\/index.php?rest_route=\/wp\/v2\/types\/page"}],"author":[{"embeddable":true,"href":"https:\/\/www.sinikkaustinovjones.fi\/index.php?rest_route=\/wp\/v2\/users\/1"}],"replies":[{"embeddable":true,"href":"https:\/\/www.sinikkaustinovjones.fi\/index.php?rest_route=%2Fwp%2Fv2%2Fcomments&post=171"}],"version-history":[{"count":17,"href":"https:\/\/www.sinikkaustinovjones.fi\/index.php?rest_route=\/wp\/v2\/pages\/171\/revisions"}],"predecessor-version":[{"id":446,"href":"https:\/\/www.sinikkaustinovjones.fi\/index.php?rest_route=\/wp\/v2\/pages\/171\/revisions\/446"}],"wp:attachment":[{"href":"https:\/\/www.sinikkaustinovjones.fi\/index.php?rest_route=%2Fwp%2Fv2%2Fmedia&parent=171"}],"curies":[{"name":"wp","href":"https:\/\/api.w.org\/{rel}","templated":true}]}}